uppose 0*f + 5*u = 3*f - 563, u = 3*f - 571. Let d = f + -151. What is the greatest common factor of d and 88?
8
Let r be 9/36 - 65/4. Let q = r + 30. Suppose 0 = 3*y + 10*m - 7*m - 57, 3*y - m = 37. Calculate the greatest common divisor of q and y.
14
Let u = 31 + -19. Let n be 280/u*3/2. Let l(d) = d**3 + 17*d**2 + 45*d + 154. Let m be l(-11). Calculate the greatest common divisor of m and n.
35
Suppose 5*b - 98 = -5543*y + 5542*y, 2*b = y - 42. What is the greatest common divisor of y and 31175?
29
Suppose -a = -4*a + 3*w - 15, 0 = -4*w - 4. Let u be -70*(-1 - (-3 - a)). Let j = 17992 - 17957. What is the highest common factor of u and j?
35
Suppose -2*z - z = -162. Let c(s) = -2*s**3 + 8*s**2 - 3*s - 6. Let g be c(3). Suppose -60 = -g*t - 7*t. Calculate the greatest common factor of t and z.
6
Suppose -24243 + 20031 = -108*k. Suppose -122 + 5 = -3*d. Calculate the highest common factor of k and d.
39
Let y = 12653 - 12576. Suppose 57 + 198 = -5*j. Let s = -29 - j. Calculate the highest common divisor of s and y.
11
Suppose 5*l + 3*q = 2*q + 65, -5*q = 4*l - 73. Suppose 51 = 5*a - 129. Let b = 39 - a. Calculate the highest common divisor of l and b.
3
Let r(j) = -j**3 + 5*j**2 + 4*j. Let v = -32 - -37. Let q be r(v). Let m(n) = -n**3 + 100. Let k be m(0). What is the greatest common factor of q and k?
20
Let j(a) = a**2 + 20*a + 10. Let m be j(14). Let w = -36 + 54. What is the highest common factor of w and m?
18
Let k be (8010/(-623))/((-4)/14). What is the highest common divisor of 47745 and k?
45
Let n(l) = -74*l**3 - 6*l**2 - 37*l - 111. Let u be n(-3). Calculate the highest common divisor of u and 84.
12
Suppose -8*i + 12*i + 20 = 0, 5*z + i - 775 = 0. What is the greatest common factor of 24 and z?
12
Let f = -15540 + 15982. Let c be 6/4*1224/27. Calculate the greatest common factor of f and c.
34
Let g be (522*-1)/(-2) - (-8 + (-27)/(-3)). Calculate the highest common divisor of 460 and g.
20
Let v = -35 + 90. Let p = -50 + v. Suppose 60 = -0*j + p*j. What is the highest common divisor of j and 3?
3
Suppose -9*n + 140 = -211. Calculate the highest common divisor of 403 and n.
13
Let x(w) = -w**3 + 9*w**2 - 13*w - 14. Let q be x(9). Let r = q + 387. What is the highest common factor of r and 32?
32
Let v = -24 + 150. Let u = 156 - v. Calculate the greatest common factor of u and 80.
10
Suppose -9 = 21*l - 24*l. Suppose 5*z = -3*o + 408, 4*o - o = l*z - 264. Calculate the greatest common divisor of 462 and z.
42
Let z = -86 - -104. What is the greatest common factor of 333 and z?
9
Let f be (-1)/2 + -1 - -21*493/238. What is the highest common factor of f and 1029?
21
Let r be -5*(405/25)/(-3). Suppose -5 - r = -4*d. Let z be 2 + (-840)/(-18)*(-3)/(-2). What is the greatest common factor of d and z?
8
Suppose 3*l - 9*l = 6. Let f be -33 + l + 4 - 2. Let o = -26 - f. Calculate the highest common factor of o and 6.
6
Suppose 344*v = 350*v - 2136. What is the highest common divisor of v and 1602?
178
Suppose -5*b + 4 = -21. Let j be 9*(b + -6) - -4. Let f be ((-115)/j + 0)*5. What is the highest common factor of f and 23?
23
Suppose 16 = -4*y, -32 = -79*l + 78*l - 4*y. Calculate the greatest common factor of 2192 and l.
16
Let w(o) = 11*o + 28. Let r be w(2). Let x = r - 43. What is the highest common factor of 119 and x?
7
Let r be 116*((6 + (-9 - -3))/(-4) + (3 - 1)). Let z(i) = -i**2 + i + 4. Let m be z(0). Suppose -s + 290 = m*s. What is the highest common factor of r and s?
58
Let u be 2/(-32)*-28*(5 + -1). Suppose 0 = 4*c - 4, -u*j + 12*j - 800 = 5*c. Calculate the highest common divisor of j and 46.
23
Let m be 2/(-1) + -40 + 57. Suppose 2*b + 104 = 4*y, -m*y + 4*b = -17*y + 42. What is the highest common divisor of y and 90?
5
Let v(b) = -5*b - b + 5 - 8*b**2 + b**3 - 2*b. Let r be v(9). Let g = 33 + -19. Calculate the greatest common factor of g and r.
14
Let c = -3044 + 3058. Calculate the highest common factor of 2037 and c.
7
Suppose 18*u + 6177 = x + 14*u, 4*x + 3*u - 24784 = 0. What is the highest common divisor of 11 and x?
11
Let o be (-10)/6*770/(-3)*(-9 - -18). Calculate the highest common divisor of o and 462.
154
Let m be 350/(-35)*20/(-25). What is the highest common factor of m and 184?
8
Let g be (-384)/15*(-75)/30. Calculate the greatest common factor of g and 3104.
32
Let i = 9 + 7. Let l = -23 + i. Let u = -3 - l. What is the highest common divisor of u and 12?
4
Suppose 5*n - 4*w - 16 = 157, -n + 23 = 5*w. Calculate the greatest common divisor of 2112 and n.
33
Let t(z) = z**3 + 8*z**2 - 20*z + 7. Let n be t(-10). Let k(f) = 40*f - 1. Let w be k(n). What is the greatest common factor of 9 and w?
9
Let l = 63 + -15. Suppose 3*x + l = 4*x. Calculate the highest common divisor of 96 and x.
48
Suppose -4*z = 3*v + z - 29, 0 = 4*z - 16. Suppose -6*g = -v*g - 138. Suppose -3*u - 4 = -7*u, -3*k + g = u. What is the greatest common factor of 10 and k?
5
Let v(l) = 6*l - 126. Let a be v(41). Let w be -12 - -19 - (1 - a). Calculate the greatest common factor of 28 and w.
14
Let i = 732 - 707. Suppose 0 = i*z - 6*z - 361. Suppose 7*h + y - 831 = 3*h, -3*h - y = -622. Calculate the greatest common divisor of h and z.
19
Let a = 405 - 405. Suppose a = -23*l - 19 + 479. What is the greatest common factor of l and 380?
20
Suppose -21294 = -45*a - 33*a - 39*a. Calculate the highest common factor of a and 221.
13
Suppose -n + 325 = 5*w, -57*n + 62*n = -3*w + 195. Suppose -9*g + 4*g = -65. What is the greatest common factor of w and g?
13
Suppose 0 = 2*o + 6 - 28. Suppose 52 = -10*t - 218. Let a be t/(-3) + (11 - 9). What is the highest common divisor of a and o?
11
Suppose -5*j - 6 = 2*c - 18, -2*c + 4 = j. What is the highest common factor of j and 4?
2
Let x = 128599 - 128596. Let i be 2/(-7) - 32/(-14). What is the highest common divisor of i and x?
1
Suppose 11*j - 1687 - 414 = 0. Suppose 25*c = 109 + j. What is the greatest common factor of c and 42?
6
Suppose 2*i + i - 6*x = -4*x + 54, 0 = -x. Calculate the greatest common factor of i and 522.
18
Suppose -s + 172435 = 11*s + 43027. What is the greatest common factor of 64 and s?
32
Let u(a) = 2*a**3 - 23*a**2 - 75*a + 83. Let j be u(14). What is the greatest common factor of j and 2743?
13
Let b(y) = -5*y**2 + 107*y + 34. Let l be b(20). What is the greatest common factor of l and 45?
3
Suppose 3*i - 86 + 20 = -3*l, -2*l = -4. Let w be (-12 + (26 - 12))*(0 + 5). Calculate the greatest common divisor of i and w.
10
Suppose 4*r + 28 = 2*k + 8*r, -4*r - 52 = -2*k. Suppose -2*p + 5*z - 108 = -403, 2*p = 3*z + 289. Calculate the greatest common divisor of p and k.
20
Suppose 0 = o - 1869 + 319. Calculate the greatest common divisor of o and 40.
10
Let z be (-16*(-136)/(-12))/(((-56)/(-105))/(-4)). What is the highest common divisor of 20 and z?
20
Suppose -4*v = -12, z - 3*v = 1751 - 330. Suppose 0 = 5*k + q - z, 3*q + 876 = 2*k + k. Calculate the highest common divisor of k and 82.
41
Suppose 8*w - 3*w = -40. Let n be (8/5)/(w/(-20)). Let g be (-12 + 0)*(-6)/n. What is the greatest common divisor of g and 36?
18
Let i be (-26)/(-2) + ((-26)/6 - 1276/(-174)). Let a = 833 + -577. What is the highest common divisor of i and a?
16
Let h(q) = q + q + 12 - 1. Suppose -35*u - 9 = -9. Let l be h(u). Calculate the greatest common factor of l and 55.
11
Suppose 7 = -h + 8*h. Let y(r) = 6*r**3. Let l be y(h). Let j = 632 + -566. Calculate the greatest common divisor of j and l.
6
Suppose 2*k + 4 = -3*d, -25*d + 4*k = -23*d - 40. What is the greatest common factor of d and 1280?
4
Suppose 4*t - 862 = i, 14 - 20 = i. Calculate the greatest common divisor of 5671 and t.
107
Let m(y) = 2*y + 24. Let l = 885 + -842. Let o be m(l). What is the greatest common divisor of 77 and o?
11
Let r = -167 + 98. Let q be 18/(-2 + r/(-30)). Suppose -d + k = -22, -d = 2*d + 3*k - q. Calculate the highest common factor of d and 105.
21
Let x(m) = -9 - 5 + 11 + 4 + 29*m. Let t be x(6). Calculate the greatest common divisor of t and 105.
35
Let m be 98/(-2)*(-77)/11. Suppose -3*j = -t + 16, -13*t - 5*j = -12*t + 8. Calculate the greatest common factor of m and t.
7
Suppose -2*s + 79 = 79. Suppose -5*o + 424 - 344 = s. Calculate the greatest common divisor of o and 688.
16
Let x(c) = 3*c**3 + 360*c**2 + 